{"id":95,"date":"2017-04-27T17:29:30","date_gmt":"2017-04-27T15:29:30","guid":{"rendered":"http:\/\/www.hno-pok.at\/wordpress\/?page_id=95"},"modified":"2026-04-06T22:14:09","modified_gmt":"2026-04-06T20:14:09","slug":"beruflicher-werdegang","status":"publish","type":"page","link":"https:\/\/www.hno-pok.at\/wordpress\/?page_id=95","title":{"rendered":"OA Dr. Stefan-Marcel Pok"},"content":{"rendered":"<p><a href=\"https:\/\/www.hno-pok.at\/wordpress\/wp-content\/uploads\/2017\/04\/Dr_Pok-e1493587011371.jpg\"><img loading=\"lazy\" decoding=\"async\" class=\"alignright wp-image-88\" src=\"https:\/\/www.hno-pok.at\/wordpress\/wp-content\/uploads\/2017\/04\/Dr_Pok-765x1024.jpg\" alt=\"\" width=\"148\" height=\"198\" \/><\/a><strong>Aktuell Schwerpunkte:<\/strong><\/p>\n<ul>\n<li><strong>Ordination<\/strong> <a href=\"https:\/\/www.hno15.at\/\">HNO15.at<\/a><\/li>\n<li>Belegarzt und Durchf\u00fchen von <strong>Operationen in mehreren Privatkliniken<\/strong> in Wien mit Schwerpunkt Kinder HNO Chirurgie. Ich operiere derzeit in folgenden H\u00e4usern: Priv.Klinik Goldenes Kreuz, Rudolfinerhaus und Privatklinik D\u00f6bling. Je nach geplanter Operation, Alter des Kindes und Wunschtermin kann ich Ihnen so ein bestm\u00f6gliches Setting anbieten.<\/li>\n<\/ul>\n<p><strong>Beruflicher Werdegang:<br \/>Februar 2022<\/strong>\u00a0 Umzug von der alten Ordinationsadresse im 18. Bezirk in meine die neuer\u00f6ffnete Kassenordination im 15. Bezirk<\/p>\n<p><strong>2019 &#8211; 2021:<\/strong> Spezialisierung im Bereich Allergie: Durchf\u00fchrung von hunderten Allergieabkl\u00e4rungen und Therapien als \u00e4rztlicher Mitarbeiter im Allergieambulatorium Innere Stadt, Walfischgasse 3.\u00a0Vertiefung der Kenntnisse im Bereich der Allergiediagnostik und Therapie inkl. spezifischer Immuntherapie (&#8222;Allergieimpfung&#8220;).\u00a0<\/p>\n<p><strong>10\/2019:<\/strong> um dem zunehmenden Patienten Andrang in der Ordination und die immer mehr gestiegene Operationst\u00e4tigkeit in Privat- und Belegspit\u00e4lern <span style=\"text-align: left; color: #191e23; text-transform: none; text-indent: 0px; letter-spacing: normal; font-family: 'Noto Serif'; font-size: 16px; font-style: normal; font-variant: normal; font-weight: 400; text-decoration: none; word-spacing: 0px; float: none; display: inline !important; white-space: normal; cursor: text; orphans: 2; background-color: transparent; -webkit-text-stroke-width: 0px;\"> entsprechen zu k\u00f6nnen<\/span> lege ich schweren Herzens meine T\u00e4tigkeit als Oberarzt im St. Anna Kinderspital zur\u00fcck.<\/p>\n<p><strong>6\/2016-9\/2019<\/strong>: Oberarzt an der HNO Abteilung, St. Anna Kinderspital<\/p>\n<p><span style=\"text-align: left; color: #191e23; text-transform: none; text-indent: 0px; letter-spacing: normal; font-family: 'Noto Serif'; font-size: 16px; font-style: normal; font-variant: normal; font-weight: 400; text-decoration: none; word-spacing: 0px; float: none; display: inline !important; white-space: normal; cursor: text; orphans: 2; background-color: transparent; -webkit-text-stroke-width: 0px;\"><strong>7\/2009-5\/2016:<\/strong> Oberarzt an der Univ. HNO Abteilung St. P\u00f6lten<\/span><\/p>\n<p><span style=\"text-align: left; color: #191e23; text-transform: none; text-indent: 0px; letter-spacing: normal; font-family: 'Noto Serif'; font-size: 16px; font-style: normal; font-variant: normal; font-weight: 400; text-decoration: none; word-spacing: 0px; float: none; display: inline !important; white-space: normal; cursor: text; orphans: 2; background-color: transparent; -webkit-text-stroke-width: 0px;\"><strong>2013-2020:<\/strong> Wahlarzt-Ordination<\/span><\/p>\n<p><strong>seit 2009<\/strong> Vertretungst\u00e4tigkeit in gro\u00dfen HNO-Ordinationen<br \/>(unter anderem auch im Tinnituszentrum St. P\u00f6lten, Gruppenpraxis Dr. Johannes Schobel\/Dr. Ortner)<\/p>\n<p><strong>2005-2009<\/strong>: Assistenzarzt an der Univ. HNO Abteilung St. P\u00f6lten<br \/>(Prim. Prof. Dr. B\u00f6heim)<\/p>\n<p><strong>2004-2005:<\/strong> Grundwehrdienst als Milit\u00e4rassistenzarzt an der HNO Abteilung Heeresspital Wien (Prim. Dr. Chr. Rieder)<\/p>\n<p><strong>2002-2004<\/strong>: <span style=\"text-align: left; color: #191e23; text-transform: none; text-indent: 0px; letter-spacing: normal; font-family: 'Noto Serif'; font-size: 16px; font-style: normal; font-variant: normal; font-weight: 400; text-decoration: none; word-spacing: 0px; float: none; display: inline !important; white-space: normal; cursor: text; orphans: 2; background-color: transparent; -webkit-text-stroke-width: 0px;\">Assistenzarzt an der HNO Abteilung\u00a0Universit\u00e4tsklinikum Frankfurt am Main (Prof. Gst\u00f6ttner)<\/span><\/p>\n<p><span style=\"text-align: left; color: #191e23; text-transform: none; text-indent: 0px; letter-spacing: normal; font-family: 'Noto Serif'; font-size: 16px; font-style: normal; font-variant: normal; font-weight: 400; text-decoration: none; word-spacing: 0px; float: none; display: inline !important; white-space: normal; cursor: text; orphans: 2; background-color: transparent; -webkit-text-stroke-width: 0px;\"><strong>2001-2002<\/strong>: Anstellung und Forschung am Institut f\u00fcr Schallforschung (experimentelle Audiologie, Computational Acoustics; Prof. Deutsch, Prof. Laback)<\/span><\/p>\n<p><span style=\"text-align: left; color: #191e23; text-transform: none; text-indent: 0px; letter-spacing: normal; font-family: 'Noto Serif'; font-size: 16px; font-style: normal; font-variant: normal; font-weight: 400; text-decoration: none; word-spacing: 0px; float: none; display: inline !important; white-space: normal; cursor: text; orphans: 2; background-color: transparent; -webkit-text-stroke-width: 0px;\"><strong>2000-2003<\/strong>: mehrfache Forschungsaufenthalte in USA am Research Triangle Institute, North Carolina, Prof. Wilson (dieser trug entscheidend bei zum Durchbruch des Cochlea Implantates dank Entwicklung eines optimierten Algorithmus zur elektrischen H\u00f6rnervenstimulation)<\/span><\/p>\n<p><strong>1993-2001<\/strong> Medizinstudium an der\u00a0Universit\u00e4t Wien, Promotion mit eimer Doktorarbeit an der HNO Univ. Klinik des AKH Wien \u00fcber Cochlea Implantation bei Kindern (Prof. Ehrenberger, Prof. Franz, Prof. Baumgartner)<\/p>\n<p>Laufend: Absolvierung zahlreicher internationaler und nationaler Fortbildungen und OP-Kurse<\/p>\n<p>Mitorganisation und Vortragst\u00e4tigkeit an zahlreichen Kursen, 2012 auch in der Funktion des Kongress-Sekret\u00e4res des Jahreskongresses der \u00d6sterreichischen HNO-Gesellschaft<\/p>\n<p>wissenschaftliche Vortr\u00e4ge auf nationalen und internationalen HNO-Kongressen, Buchbeitr\u00e4ge und Publikationen<\/p>\n\n\n<p><\/p>\n","protected":false},"excerpt":{"rendered":"<p>Aktuell Schwerpunkte: Ordination HNO15.at Belegarzt und Durchf\u00fchen von Operationen in mehreren Privatkliniken in Wien mit Schwerpunkt Kinder HNO Chirurgie. Ich operiere derzeit in folgenden H\u00e4usern: Priv.Klinik Goldenes Kreuz, Rudolfinerhaus und Privatklinik D\u00f6bling. Je nach geplanter Operation, Alter des Kindes und Wunschtermin kann ich Ihnen so ein bestm\u00f6gliches Setting anbieten. Beruflicher Werdegang:Februar 2022\u00a0 Umzug von der [&hellip;]<\/p>\n","protected":false},"author":1,"featured_media":0,"parent":0,"menu_order":0,"comment_status":"closed","ping_status":"closed","template":"","meta":{"footnotes":""},"class_list":["post-95","page","type-page","status-publish","czr-hentry"],"_links":{"self":[{"href":"https:\/\/www.hno-pok.at\/wordpress\/index.php?rest_route=\/wp\/v2\/pages\/95","targetHints":{"allow":["GET"]}}],"collection":[{"href":"https:\/\/www.hno-pok.at\/wordpress\/index.php?rest_route=\/wp\/v2\/pages"}],"about":[{"href":"https:\/\/www.hno-pok.at\/wordpress\/index.php?rest_route=\/wp\/v2\/types\/page"}],"author":[{"embeddable":true,"href":"https:\/\/www.hno-pok.at\/wordpress\/index.php?rest_route=\/wp\/v2\/users\/1"}],"replies":[{"embeddable":true,"href":"https:\/\/www.hno-pok.at\/wordpress\/index.php?rest_route=%2Fwp%2Fv2%2Fcomments&post=95"}],"version-history":[{"count":7,"href":"https:\/\/www.hno-pok.at\/wordpress\/index.php?rest_route=\/wp\/v2\/pages\/95\/revisions"}],"predecessor-version":[{"id":1340,"href":"https:\/\/www.hno-pok.at\/wordpress\/index.php?rest_route=\/wp\/v2\/pages\/95\/revisions\/1340"}],"wp:attachment":[{"href":"https:\/\/www.hno-pok.at\/wordpress\/index.php?rest_route=%2Fwp%2Fv2%2Fmedia&parent=95"}],"curies":[{"name":"wp","href":"https:\/\/api.w.org\/{rel}","templated":true}]}}

<p><a href="https://www.hno-pok.at/wordpress/wp-content/uploads/2017/04/Dr_Pok-e1493587011371.jpg"><img loading="lazy" decoding="async" class="alignright wp-image-88" src="https://www.hno-pok.at/wordpress/wp-content/uploads/2017/04/Dr_Pok-765x1024.jpg" alt="" width="148" height="198" /></a><strong>Aktuell Schwerpunkte:</strong></p>
<ul>
<li><strong>Ordination</strong> <a href="https://www.hno15.at/">HNO15.at</a></li>
<li>Belegarzt und Durchfühen von <strong>Operationen in mehreren Privatkliniken</strong> in Wien mit Schwerpunkt Kinder HNO Chirurgie. Ich operiere derzeit in folgenden Häusern: Priv.Klinik Goldenes Kreuz, Rudolfinerhaus und Privatklinik Döbling. Je nach geplanter Operation, Alter des Kindes und Wunschtermin kann ich Ihnen so ein bestmögliches Setting anbieten.</li>
</ul>
<p><strong>Beruflicher Werdegang:<br />Februar 2022</strong>  Umzug von der alten Ordinationsadresse im 18. Bezirk in meine die neueröffnete Kassenordination im 15. Bezirk</p>
<p><strong>2019 &#8211; 2021:</strong> Spezialisierung im Bereich Allergie: Durchführung von hunderten Allergieabklärungen und Therapien als ärztlicher Mitarbeiter im Allergieambulatorium Innere Stadt, Walfischgasse 3. Vertiefung der Kenntnisse im Bereich der Allergiediagnostik und Therapie inkl. spezifischer Immuntherapie (&#8222;Allergieimpfung&#8220;). </p>
<p><strong>10/2019:</strong> um dem zunehmenden Patienten Andrang in der Ordination und die immer mehr gestiegene Operationstätigkeit in Privat- und Belegspitälern <span style="text-align: left; color: #191e23; text-transform: none; text-indent: 0px; letter-spacing: normal; font-family: 'Noto Serif'; font-size: 16px; font-style: normal; font-variant: normal; font-weight: 400; text-decoration: none; word-spacing: 0px; float: none; display: inline !important; white-space: normal; cursor: text; orphans: 2; background-color: transparent; -webkit-text-stroke-width: 0px;"> entsprechen zu können</span> lege ich schweren Herzens meine Tätigkeit als Oberarzt im St. Anna Kinderspital zurück.</p>
<p><strong>6/2016-9/2019</strong>: Oberarzt an der HNO Abteilung, St. Anna Kinderspital</p>
<p><span style="text-align: left; color: #191e23; text-transform: none; text-indent: 0px; letter-spacing: normal; font-family: 'Noto Serif'; font-size: 16px; font-style: normal; font-variant: normal; font-weight: 400; text-decoration: none; word-spacing: 0px; float: none; display: inline !important; white-space: normal; cursor: text; orphans: 2; background-color: transparent; -webkit-text-stroke-width: 0px;"><strong>7/2009-5/2016:</strong> Oberarzt an der Univ. HNO Abteilung St. Pölten</span></p>
<p><span style="text-align: left; color: #191e23; text-transform: none; text-indent: 0px; letter-spacing: normal; font-family: 'Noto Serif'; font-size: 16px; font-style: normal; font-variant: normal; font-weight: 400; text-decoration: none; word-spacing: 0px; float: none; display: inline !important; white-space: normal; cursor: text; orphans: 2; background-color: transparent; -webkit-text-stroke-width: 0px;"><strong>2013-2020:</strong> Wahlarzt-Ordination</span></p>
<p><strong>seit 2009</strong> Vertretungstätigkeit in großen HNO-Ordinationen<br />(unter anderem auch im Tinnituszentrum St. Pölten, Gruppenpraxis Dr. Johannes Schobel/Dr. Ortner)</p>
<p><strong>2005-2009</strong>: Assistenzarzt an der Univ. HNO Abteilung St. Pölten<br />(Prim. Prof. Dr. Böheim)</p>
<p><strong>2004-2005:</strong> Grundwehrdienst als Militärassistenzarzt an der HNO Abteilung Heeresspital Wien (Prim. Dr. Chr. Rieder)</p>
<p><strong>2002-2004</strong>: <span style="text-align: left; color: #191e23; text-transform: none; text-indent: 0px; letter-spacing: normal; font-family: 'Noto Serif'; font-size: 16px; font-style: normal; font-variant: normal; font-weight: 400; text-decoration: none; word-spacing: 0px; float: none; display: inline !important; white-space: normal; cursor: text; orphans: 2; background-color: transparent; -webkit-text-stroke-width: 0px;">Assistenzarzt an der HNO Abteilung Universitätsklinikum Frankfurt am Main (Prof. Gstöttner)</span></p>
<p><span style="text-align: left; color: #191e23; text-transform: none; text-indent: 0px; letter-spacing: normal; font-family: 'Noto Serif'; font-size: 16px; font-style: normal; font-variant: normal; font-weight: 400; text-decoration: none; word-spacing: 0px; float: none; display: inline !important; white-space: normal; cursor: text; orphans: 2; background-color: transparent; -webkit-text-stroke-width: 0px;"><strong>2001-2002</strong>: Anstellung und Forschung am Institut für Schallforschung (experimentelle Audiologie, Computational Acoustics; Prof. Deutsch, Prof. Laback)</span></p>
<p><span style="text-align: left; color: #191e23; text-transform: none; text-indent: 0px; letter-spacing: normal; font-family: 'Noto Serif'; font-size: 16px; font-style: normal; font-variant: normal; font-weight: 400; text-decoration: none; word-spacing: 0px; float: none; display: inline !important; white-space: normal; cursor: text; orphans: 2; background-color: transparent; -webkit-text-stroke-width: 0px;"><strong>2000-2003</strong>: mehrfache Forschungsaufenthalte in USA am Research Triangle Institute, North Carolina, Prof. Wilson (dieser trug entscheidend bei zum Durchbruch des Cochlea Implantates dank Entwicklung eines optimierten Algorithmus zur elektrischen Hörnervenstimulation)</span></p>
<p><strong>1993-2001</strong> Medizinstudium an der Universität Wien, Promotion mit eimer Doktorarbeit an der HNO Univ. Klinik des AKH Wien über Cochlea Implantation bei Kindern (Prof. Ehrenberger, Prof. Franz, Prof. Baumgartner)</p>
<p>Laufend: Absolvierung zahlreicher internationaler und nationaler Fortbildungen und OP-Kurse</p>
<p>Mitorganisation und Vortragstätigkeit an zahlreichen Kursen, 2012 auch in der Funktion des Kongress-Sekretäres des Jahreskongresses der Österreichischen HNO-Gesellschaft</p>
<p>wissenschaftliche Vorträge auf nationalen und internationalen HNO-Kongressen, Buchbeiträge und Publikationen</p>


<p></p>

<p>Aktuell Schwerpunkte: Ordination HNO15.at Belegarzt und Durchfühen von Operationen in mehreren Privatkliniken in Wien mit Schwerpunkt Kinder HNO Chirurgie. Ich operiere derzeit in folgenden Häusern: Priv.Klinik Goldenes Kreuz, Rudolfinerhaus und Privatklinik Döbling. Je nach geplanter Operation, Alter des Kindes und Wunschtermin kann ich Ihnen so ein bestmögliches Setting anbieten. Beruflicher Werdegang:Februar 2022  Umzug von der [&hellip;]</p>
